/(-4))/2. What is the remainder when w is divided by i(u)?
24
Let w(a) be the third derivative of a**6/120 + a**5/10 + a**4/8 + a**3 + 4*a**2. Let g be w(-6). What is the remainder when 27 is divided by (g + 5)*(-2)/2?
6
Let i = -82 - -82. Suppose i = 8*r - 105 - 183. Calculate the remainder when r is divided by 22.
14
Let r = -189 + 218. Calculate the remainder when r is divided by 26.
3
Let c(w) = 9*w**2 - 2*w**3 + w**3 - w**2. Let a be c(8). Suppose a = 11*h - 15*h + 388. Calculate the remainder when h is divided by 33.
31
Let k(a) = 2*a + 2. Let m be 2/(-3)*(6 + -9). Suppose -4*v + 3*x + 64 = 0, 0*v - v + m*x + 16 = 0. What is the remainder when v is divided by k(2)?
4
Suppose 120 + 6 = 9*c. Suppose 2*p = p + c. What is the remainder when 66 is divided by p?
10
Let m(z) = 7 + 2 - 4 + 6*z**2 + z**3 - 8*z. Calculate the remainder when 22 is divided by m(-7).
10
Let v = -30 - -131. What is the remainder when v is divided by 36?
29
Suppose 0*n + 3*n + 4*s - 129 = 0, 5*n + 5*s - 220 = 0. Calculate the remainder when n is divided by (-4)/60*3 + 86/5.
13
Suppose 3*v + v = 216. Let y be (v/4)/(8/48). Let f = 115 - y. Calculate the remainder when f is divided by 12.
10
Suppose 0 = v - 4*o - 13, -4*o + 22 = -3*v + 69. What is the remainder when (-1)/((2 - 3)/49) is divided by v?
15
Let y = 17 - -9. Calculate the remainder when y is divided by 12 + ((0/(-5))/1)/1.
2
Suppose -l = -2*h + 29, 3*l + l = -5*h + 40. What is the remainder when (-1)/4 - 0 - (-255)/h is divided by 12?
9
Suppose 2*n + n = -2*y - 1970, -3*n - 1946 = -4*y. Let d = 973 + n. Calculate the remainder when d is divided by 40.
39
Let b = 2775 + -2664. What is the remainder when b is divided by (-268)/(-7) - (-2)/(-7)?
35
Let s = -13 - -75. Suppose -s*a + 67*a = 60. Calculate the remainder when 47 is divided by a.
11
Let q = 481 + -473. Calculate the remainder when 94 is divided by q.
6
Suppose 32*v + 550 = 1638. Calculate the remainder when 202 is divided by v.
32
Let x be ((-207)/(-4))/((-9)/(-24)). Let r = -28 + x. Calculate the remainder when r is divided by 28.
26
Suppose 0 = 5*w - 2*w. Suppose v - 69 = -3*m, w = -0*v + 2*v - 5*m - 171. Let q(p) = 29*p**2 - 703*p + 184. What is the remainder when v is divided by q(24)?
14
What is the remainder when (-882)/(-5) - (-30)/50 is divided by 18?
15
Let b(v) = v**3 - 19*v**2 + 95*v - 30. What is the remainder when 369 is divided by b(13)?
178
Suppose -2*b = -3 - 1. Suppose b = 3*w - 10. Suppose -w*y + y + 6 = 0. Calculate the remainder when 4 is divided by y.
0
Let t = 22 - 27. Let y(s) = -9*s - 27. Calculate the remainder when 56 is divided by y(t).
2
Let y(b) = b**3 + 8*b**2 + 8*b + 9. Let t be y(-7). Let k(g) = 4*g**3 + g**2 - 4*g - 1. What is the remainder when 47 is divided by k(t)?
20
Suppose -4*l - 5*k = -77, -4*k - 17 = -l - 3. Let v be (-1)/1*-1 - 184. Let m = -130 - v. Calculate the remainder when m is divided by l.
17
Suppose -3366 = 98*r - 132*r. Calculate the remainder when 110 is divided by r.
11
What is the remainder when 82 is divided by ((-14)/(-4))/(10/180) - -3?
16
Let f(o) = 2*o**3 - 8*o**2 + 57. What is the remainder when 194 is divided by f(5)?
87
Let z(l) = 3*l**3 + 5*l**2 + 2*l - 3. Let i be z(-3). What is the remainder when 81 is divided by -14*(i/(-6))/(-5)?
18
Suppose -p + 14 = 2*b - 51, 0 = 3*p + b - 195. Suppose 4*d = -10*d + 238. What is the remainder when p is divided by d?
14
Let v be ((-4)/(-10))/(1 - (-162)/(-165)). Let p = 28 - v. What is the remainder when 13 is divided by p?
1
Let t(j) = 12*j**2 - 5*j - 6. Suppose -5*l = -8*l - 9. What is the remainder when t(l) is divided by 30?
27
Let i = 1192 + -1116. What is the remainder when i is divided by 40?
36
Let q = -273 + 376. Calculate the remainder when q is divided by 8.
7
Calculate the remainder when 49 is divided by (-14)/140*(-5 - -1)*10.
1
Calculate the remainder when (-1)/3 + 32/6 + 42 is divided by 24.
23
Suppose -g = -3*g - 28. Let r = g + 26. Let j = r - 0. Calculate the remainder when 21 is divided by j.
9
Let s(k) = k**2 - 23*k + 66. Let b(z) = -z**3 + 5*z**2 - z + 4. What is the remainder when b(4) is divided by s(20)?
4
Let l = 28 - 14. Suppose -3 = -12*a + 11*a. Calculate the remainder when 43 + -1 - 3/a is divided by l.
13
Let j(g) be the second derivative of -g**5/20 + 13*g**4/12 - 4*g**3/3 + g**2/2 + 7*g. Calculate the remainder when j(12) is divided by 10.
9
Let j(h) = 8*h**2 + 6*h + 2. What is the remainder when j(-3) is divided by 93/6 - 5/10?
11
Let x be 23/3*3 - 4. Let f(v) = 9*v - 24*v + 11*v + x + 3*v. Calculate the remainder when 98 is divided by f(-14).
32
Let u(x) = x + 5. Let b(a) be the first derivative of 5*a - 3. Let v(j) = -5*b(j) + 4*u(j). What is the remainder when v(5) is divided by 6?
3
Suppose -13*q - 21 = -125. Suppose 20 = -2*a - 2*a. Calculate the remainder when q is divided by a/(2 - 3)*1.
3
Suppose -5*z = 4*k - 101, -10*z + 31 = -7*z - 5*k. Let o = -102 - -201. What is the remainder when o is divided by z?
14
Let m(l) = 22*l**2 + 64*l + 37. Calculate the remainder when m(-4) is divided by 3.
1
Let y = -66 - -66. Suppose 5*x + l + 0*l = 138, -5*l + 15 = 0. What is the remainder when x is divided by (17 + -18)*(y + -7)?
6
Let z(y) = -4*y**2 + 57*y - 55. Let r(l) = -7*l**2 + 114*l - 109. Let v(g) = -6*r(g) + 11*z(g). What is the remainder when 58 is divided by v(-29)?
18
Suppose 0 = 3*q + 10*j - 12*j - 48, 5*q - 79 = 3*j. Calculate the remainder when q is divided by 9.
5
Let y(l) = -l**2 + 5*l + 2. Let d be y(5). Calculate the remainder when (12 + 6)*1/d is divided by 3.
0
Let t be (-7)/(-4) + (-3)/(-12). Let h = 13 + t. What is the remainder when 118 is divided by h?
13
Let r = 44 + -42. Suppose r*k = c + 16 + 47, 2*c + 157 = 5*k. What is the remainder when k is divided by 8?
7
Let y = -204 - -310. Suppose 0 = -2*j - 2*k - 0 + 48, 2*j = 4*k + 72. Calculate the remainder when y is divided by j.
22
Calculate the remainder when (-2)/8 + 2940/112 is divided by (4/6)/(26/273).
5
Calculate the remainder when (-131)/(-7 - (-204)/30) is divided by 41.
40
Suppose -3*t + 11 + 43 = 0. Suppose 0 = l + 4*g - 9, l + g + 4*g = 10. Calculate the remainder when (9/t)/((-2)/(-56)) is divided by l.
4
Calculate the remainder when (0 - 3/2)/(243/(-3564)) is divided by 2.
0
Let v be ((-8)/3)/(-4)*318/(-4). Let b = -47 - v. Suppose 3*g - 13 = 26. What is the remainder when g is divided by b?
1
Let a = -888 - -1533. Calculate the remainder when a is divided by 54.
51
Suppose -1645 = -1076*k + 1071*k. Calculate the remainder when k is divided by 15.
14
Let m = 46 - 16. Suppose -4*y + 6*w = 5*w - 361, 346 = 4*y + 2*w. What is the remainder when y is divided by m?
29
Suppose 10*o - 8*o - 10 = 0. Suppose -20 = -o*m + 20. What is the remainder when 54 is divided by m?
6
Let o(n) = -n**3 - 2*n**2 - 2*n. Let z be (-8)/6*12/8. Suppose 0 = 3*p - 2*l - 22, -3*l - 30 = -p - 3*p. Calculate the remainder when p is divided by o(z).
2
Let n be 6/14 + 72/(-21). What is the remainder when 52 is divided by -18*((0/1)/n + -1)?
16
Suppose -17*a + 13*a = -68. Calculate the remainder when 389 is divided by a.
15
Let v be 5/(((-8)/(-52))/2). Suppose -s = -18 - v. Calculate the remainder when s is divided by 17.
15
Let y be (-2*1)/((-3)/84). What is the remainder when 53 is divided by (-1)/((-2)/y)*1?
25
Suppose -61*u + r = -60*u - 9, -34 = -3*u - 4*r. Calculate the remainder when 107 is divided by u.
7
Let s(v) = v**3 - 16*v**2 - 37*v + 21. Let n be s(18). Suppose 2*w + b - 84 = -2*w, -n*b = -5*w + 88. What is the remainder when w is divided by 10?
0
Suppose 15*t - 255 = -0*t. Calculate the remainder when 32 is divided by t.
15
Let h(a) = -7*a - 35. Let b be h(-8). What is the remainder when 2 - (-7)/(b/9) is divided by 2?
1
Let i = -1 - -1. Suppose -2*o = 5*d - 5, 4*o + 15 = 2*d - 11. Suppose -b + 40 + d = i. Calculate the remainder when b is divided by 15.
13
Let p = -8 - -20. Suppose -4*u = a - 48, -a = 2*u - 5*a - 6. Calculate the remainder when u is divided by 21/(-6)*p/(-7).
5
Let m = 405 - 353. Calculate the remainder when 252 is divided by m.
44
Suppose 2 = n + 6, 3*l = 2*n + 98. Suppose 4*r - v - 468 = -5*v, 2*r - 4*v - 246 = 0. What is the remainder when r is divided by l?
29
Let v = 18 - 10. Suppose d + 2*d + 48 = 2*o, 4*o + 5*d - 74 = 0. Suppos